{"id":1802,"date":"2021-09-27T21:11:53","date_gmt":"2021-09-27T21:11:53","guid":{"rendered":"https:\/\/pesis.ch\/?page_id=1802"},"modified":"2021-10-09T09:50:20","modified_gmt":"2021-10-09T09:50:20","slug":"2021-2","status":"publish","type":"page","link":"https:\/\/pesis.ch\/?page_id=1802","title":{"rendered":"2021"},"content":{"rendered":"\n<h4 class=\"wp-block-heading\">Platzierung<\/h4>\n\n\n\n<figure class=\"wp-block-table\"><table><tbody><tr><td>Schweizer Meister<\/td><td>Z\u00fcrich Sinivalkoiset<\/td><\/tr><tr><td>2nd<\/td><td>Finnpesis Solothurn A<\/td><\/tr><tr><td>3rd<\/td><td>Finnpesis Solothurn B<\/td><\/tr><tr><td>4th<\/td><td>Pesis-Hirvet<\/td><\/tr><tr><td>5th<\/td><td>Baselin Punaset<\/td><\/tr><tr><td>6th<\/td><td>Wintin Hurjat<\/td><\/tr><\/tbody><\/table><\/figure>\n\n\n\n<h4 class=\"wp-block-heading\">Best Players<\/h4>\n\n\n\n<figure class=\"wp-block-image size-large\"><img loading=\"lazy\" decoding=\"async\" width=\"1024\" height=\"513\" src=\"https:\/\/pesis.ch\/wp-content\/uploads\/2021\/09\/2021-bestplayers-1-1024x513.jpg\" alt=\"\" class=\"wp-image-1839\" srcset=\"https:\/\/pesis.ch\/wp-content\/uploads\/2021\/09\/2021-bestplayers-1-1024x513.jpg 1024w, https:\/\/pesis.ch\/wp-content\/uploads\/2021\/09\/2021-bestplayers-1-300x150.jpg 300w, https:\/\/pesis.ch\/wp-content\/uploads\/2021\/09\/2021-bestplayers-1-768x384.jpg 768w, https:\/\/pesis.ch\/wp-content\/uploads\/2021\/09\/2021-bestplayers-1-1536x769.jpg 1536w, https:\/\/pesis.ch\/wp-content\/uploads\/2021\/09\/2021-bestplayers-1-676x338.jpg 676w, https:\/\/pesis.ch\/wp-content\/uploads\/2021\/09\/2021-bestplayers-1.jpg 1862w\" sizes=\"auto, (max-width: 1024px) 100vw, 1024px\" \/><figcaption>von Links: Jesse, Samuli, Bailey, J\u00e4nu, D\u00f6me, Rob, Ronya, N\u00e4thu<\/figcaption><\/figure>\n\n\n\n<blockquote class=\"wp-block-quote is-layout-flow wp-block-quote-is-layout-flow\"><p><strong>Nathanael Greuter<\/strong>, Finnpesis Solothurn<\/p><cite>MVP of the Tournament<\/cite><\/blockquote>\n\n\n\n<figure class=\"wp-block-table\"><table><tbody><tr><td>Z\u00fcrich Sinivalkoiset<\/td><td>Rob-Roy Roedel<\/td><\/tr><tr><td>Finnpesis Solothurn A<\/td><td>Dominic Maldini Meier<\/td><\/tr><tr><td>Finnpesis Solothurn B<\/td><td>Janick Berger<\/td><\/tr><tr><td>Baselin Punaset<\/td><td>Samuli Nieminen<\/td><\/tr><tr><td>Wintin Hurjat<\/td><td>Jesse Saikkonen<\/td><\/tr><\/tbody><\/table><\/figure>\n\n\n\n<h4 class=\"wp-block-heading\">Best Newcomers<\/h4>\n\n\n\n<figure class=\"wp-block-table\"><table><tbody><tr><td>Pesis-Hirvet<\/td><td class=\"has-text-align-left\" data-align=\"left\">Bailey Curzadd<\/td><\/tr><\/tbody><\/table><\/figure>\n\n\n\n<h4 class=\"wp-block-heading\">1st Female Lukkari in SPL<\/h4>\n\n\n\n<figure class=\"wp-block-table\"><table><tbody><tr><td>Baselin Punaset<\/td><td class=\"has-text-align-left\" data-align=\"left\">Ronya Nieminen<\/td><\/tr><\/tbody><\/table><\/figure>\n\n\n\n<h4 class=\"wp-block-heading\">Gesamttabelle nach 3\/3 Liga-Spieltagen<\/h4>\n\n\n\n<figure class=\"wp-block-table\"><table><tbody><tr><td><strong>Team<\/strong><\/td><td><strong>L\u00e4ufe erzielt<\/strong><\/td><td><strong>L\u00e4ufe erhalten<\/strong><\/td><td><strong>Verh\u00e4ltnis<\/strong><\/td><td><strong>Punkte<\/strong><\/td><\/tr><tr><td>Finnpesis Solothurn A<\/td><td>46<\/td><td>21<\/td><td>+25<\/td><td>12<\/td><\/tr><tr><td>Sinivalkoiset <\/td><td>46<\/td><td>33<\/td><td>+13<\/td><td>12<\/td><\/tr><tr><td>Finnpesis Solothurn B<\/td><td>37<\/td><td>28<\/td><td>+9<\/td><td>9<\/td><\/tr><tr><td>Baselin Punaset<\/td><td>46<\/td><td>42<\/td><td>+4<\/td><td>9<\/td><\/tr><tr><td>Pesis-Hirvet<\/td><td>33<\/td><td>47<\/td><td>-14<\/td><td>3<\/td><\/tr><tr><td>Wintin Hurjat <\/td><td>20<\/td><td>57<\/td><td>-37<\/td><td>0<\/td><\/tr><\/tbody><\/table><\/figure>\n\n\n\n<h4 class=\"wp-block-heading\">Spielberichte<\/h4>\n\n\n\n<ul class=\"wp-block-list\"><li><a href=\"https:\/\/pesis.ch\/?p=1735\">20.06.2021 &#8211; Solothurn<\/a><\/li><li><a href=\"https:\/\/pesis.ch\/?p=1760\">22.08.2021 &#8211; Winterthur<\/a><\/li><li><a href=\"https:\/\/pesis.ch\/wp-content\/uploads\/2021\/09\/2021-08_FSB_SV.jpg\">28.08.2021 &#8211; Solothurn (Nachholspiel FSB &#8211; SV)<\/a><\/li><li><a href=\"https:\/\/pesis.ch\/?p=1810\" data-type=\"post\" data-id=\"1810\">25.09.2021 &#8211; Winterthur<\/a><\/li><li><a href=\"https:\/\/pesis.ch\/?p=1828\" data-type=\"post\" data-id=\"1828\">26.09.2021 &#8211; Winterthur (Finals)<\/a><\/li><\/ul>\n\n\n\n<h4 class=\"wp-block-heading\"> Die Platzierung aus dem Vorjahr (2020) <\/h4>\n\n\n\n<ol class=\"wp-block-list\"><li>Sinivalkoiset<\/li><li>Finnpesis Solothurn<\/li><li>Baselin Punaset<\/li><li>Pesis Hirvet<\/li><li>Wintin Hurjat<\/li><\/ol>\n\n\n\n<p><\/p>\n","protected":false},"excerpt":{"rendered":"<p>Platzierung Schweizer Meister Z\u00fcrich Sinivalkoiset 2nd Finnpesis Solothurn A 3rd Finnpesis Solothurn B 4th Pesis-Hirvet 5th Baselin Punaset 6th Wintin Hurjat Best Players Nathanael Greuter, Finnpesis Solothurn MVP of the Tournament Z\u00fcrich Sinivalkoiset Rob-Roy Roedel Finnpesis Solothurn A Dominic Maldini Meier Finnpesis Solothurn B Janick Berger Baselin Punaset Samuli Nieminen Wintin Hurjat Jesse Saikkonen Best [&hellip;]<\/p>\n","protected":false},"author":1,"featured_media":0,"parent":57,"menu_order":0,"comment_status":"closed","ping_status":"closed","template":"","meta":{"footnotes":""},"class_list":["post-1802","page","type-page","status-publish","hentry","post-preview"],"_links":{"self":[{"href":"https:\/\/pesis.ch\/index.php?rest_route=\/wp\/v2\/pages\/1802","targetHints":{"allow":["GET"]}}],"collection":[{"href":"https:\/\/pesis.ch\/index.php?rest_route=\/wp\/v2\/pages"}],"about":[{"href":"https:\/\/pesis.ch\/index.php?rest_route=\/wp\/v2\/types\/page"}],"author":[{"embeddable":true,"href":"https:\/\/pesis.ch\/index.php?rest_route=\/wp\/v2\/users\/1"}],"replies":[{"embeddable":true,"href":"https:\/\/pesis.ch\/index.php?rest_route=%2Fwp%2Fv2%2Fcomments&post=1802"}],"version-history":[{"count":8,"href":"https:\/\/pesis.ch\/index.php?rest_route=\/wp\/v2\/pages\/1802\/revisions"}],"predecessor-version":[{"id":1859,"href":"https:\/\/pesis.ch\/index.php?rest_route=\/wp\/v2\/pages\/1802\/revisions\/1859"}],"up":[{"embeddable":true,"href":"https:\/\/pesis.ch\/index.php?rest_route=\/wp\/v2\/pages\/57"}],"wp:attachment":[{"href":"https:\/\/pesis.ch\/index.php?rest_route=%2Fwp%2Fv2%2Fmedia&parent=1802"}],"curies":[{"name":"wp","href":"https:\/\/api.w.org\/{rel}","templated":true}]}}